- 607. Is x a prime number?
False
Let a be (-9)/36 - (-234)/8. Let o be (a + 0/(-2))*1. Is o + 5 - (-1 + -2) prime?
True
Let c(v) = -6*v**2 + 251 - 11*v**3 + 5*v**2 + 10*v**3. Is c(0) a composite number?
False
Let a be 10/15*9/(-6) - -1. Let r be 21/(-9) + 4/(-6). Is a + 0 + r - -160 prime?
True
Suppose 4*o + 2*l = -3*l + 824, -206 = -o - 3*l. Suppose 3*x - 611 = -0*u - 2*u, -x - 3*u = -o. Is x prime?
False
Let f be 16/12 - 2/(-3). Suppose n + f*n + 30 = 0. Let r(s) = s**3 + 12*s**2 - 3*s - 11. Is r(n) a composite number?
True
Let y(o) = 3*o + 13. Suppose -x - 2*g - 4 = -3*x, g - 1 = 4*x. Let t be x/(-3) - 128/(-12). Is y(t) composite?
True
Let t(h) = 12*h + 20*h + 14*h - 17. Is t(10) composite?
False
Let v be (-180)/(-21) + (-9)/(-21). Let s be 2/v + 260/(-36). Is s/(141/(-69) - -2) prime?
False
Let r(z) = 3891*z + 17. Is r(6) prime?
False
Is ((-1 - -335467)/6)/3 a composite number?
False
Let t(c) = 171*c + 9527. Is t(0) a composite number?
True
Let w = 1670 + -757. Is w - ((-12)/(-4) - 1) a prime number?
True
Let v(n) = -n**2 - 7*n - 9. Let t be v(-4). Suppose -q + 17 = 5*b, 7 = 2*q + t*b - 6. Suppose -4 - 2 = q*r, 4*j - 305 = -r. Is j composite?
True
Suppose -b - 3*b = 3*x + 18, -x + 8 = -b. Let f(c) = -2*c**3 - 6*c**2 - c - 1. Is f(b) a composite number?
True
Suppose 4*a - 168 = 44. Let p = 88 - a. Suppose -54 = -m + p. Is m prime?
True
Suppose w = 3*w + 4*a - 594, -3*w + 859 = -2*a. Suppose -3*o + 2 = 338. Let n = w + o. Is n prime?
False
Is (-1341545)/(-85) - (2 - (-180)/(-85)) a prime number?
False
Let u(h) be the first derivative of -h**2/2 + 8*h - 12. Let y be u(8). Let z(c) = -c**2 - c + 4. Is z(y) prime?
False
Let h(w) = w**2 - 13*w. Let n be 120/9 - 3/9. Let k be h(n). Suppose 4*j - 1780 = -k*j. Is j composite?
True
Let r(a) = 112 - 61 - 163*a - 52. Is r(-6) prime?
True
Suppose -5*f = -4*c - 1011, -c = 5*f - 0*c - 991. Let g = f - -52. Is g prime?
True
Let z be ((-4)/(-6))/(34/30 + -1). Suppose -4295 = -4*f - a, 0 = 5*f - 4*f + z*a - 1088. Is f prime?
False
Suppose -10 - 6 = 2*v. Let a(l) be the third derivative of -2*l**4/3 - 5*l**3/3 - 20*l**2. Is a(v) a prime number?
False
Let t(c) be the first derivative of -4*c**2 + c - 6. Let p be t(-9). Suppose 0 = y + y + 2*q - 138, y - p = -2*q. Is y a prime number?
False
Let n(v) be the third derivative of -v**8/20160 + 11*v**7/5040 - 7*v**6/720 + v**5/60 + 5*v**2. Let x(i) be the third derivative of n(i). Is x(5) prime?
True
Suppose -2*a + 91 = -a. Suppose -3*w = f - 156, f + a = 2*w + 6*f. Let u = w + -19. Is u a prime number?
False
Let f be (-22)/10 - 4/(-20). Is (1 + f)/(1 - (-384)/(-383)) a prime number?
True
Let f(q) = -913*q + 277. Is f(-18) prime?
False
Let n = 2460 + -2503. Suppose -783 + 291 = 2*c + 2*z, 4*z + 246 = -c. Let p = n - c. Is p a composite number?
True
Let a(p) = 388*p**2 - 18*p - 3. Is a(-2) a prime number?
False
Suppose -2*o + 7*d - 8*d = -61434, 0 = -2*o + 4*d + 61444. Is o composite?
True
Is 4 + (-4)/((-28)/97713) a composite number?
False
Is 17537*2 + (-6)/((-16)/(-8)) prime?
False
Let p(s) = 16*s - 779. Is p(54) a composite number?
True
Let l = 1466 - 858. Suppose -5*x + 457 = 4*b - 1018, l = 2*x - 2*b. Is x a composite number?
True
Let g(v) = -v**3 - 5*v**2 + 1. Let m be g(-5). Suppose 2 + m = -s. Is -3 - -12 - (3 + s) a composite number?
True
Let k be ((-1)/(-3))/(-1) + 56/(-12). Is ((-19)/k)/(6/290)*3 composite?
True
Let f(m) = -64*m - 1. Let j = 6 + -11. Let o = -8 - j. Is f(o) composite?
False
Let t = -552 - -1693. Is t prime?
False
Let h(c) = -23*c - 22. Suppose 7*u = 2*u - 50. Let p be h(u). Let b = 371 - p. Is b composite?
False
Let z = -2412 - -4181. Is z a prime number?
False
Suppose -y - 16 = -3*y - 3*p, -4*y = 3*p - 20. Suppose 5*x = 2*m + 7004 + 2297, -y*x - 5*m = -3732. Is x a composite number?
False
Let t(m) = -8*m. Let v be t(2). Let h = -150 + 180. Let o = v + h. Is o a prime number?
False
Let y(u) = -u**3 - 2*u**2 + 14*u - 29. Is y(-10) composite?
False
Suppose -5 - 9 = -2*q - 3*z, 16 = 2*q + 4*z. Let p be (-1 - q)*(8 + -7). Is 1/p + (-1188)/(-15) a composite number?
False
Let i = 60624 - 25395. Is i a composite number?
True
Let x = -947 + 4056. Is x a composite number?
False
Suppose -4*h + 2*h = 18. Let k(z) = 8*z**2 + 4*z - 1. Is k(h) a prime number?
False
Is (-1729770)/(-120) - 3/4 prime?
False
Suppose -5*n + 64485 = -4*y, -13*y + 10*y = 15. Is n prime?
True
Let p(j) = -j**3 - 6*j**2 + 9*j - 3. Suppose 0 = -2*t + 1 + 9. Suppose -t*u + u = 32. Is p(u) composite?
False
Let q be -5 + 5 + 4 + -2. Let j(n) = -70*n**2 + 3*n. Let s be j(q). Let k = s + 407. Is k a prime number?
False
Suppose 4*f + 18 + 30 = 0. Let u be (-4)/f + 10/6. Suppose -74 = -0*j - u*j. Is j a composite number?
False
Suppose 4*x = h - 4*h + 1040, 3*h - 5*x = 1076. Let d = -175 + h. Is d composite?
True
Let d(f) = 4878*f - 23. Is d(1) composite?
True
Let x be (5 + -3)/(-4*(-1)/6). Let n(w) = 4*w**3 - 6*w**2 + w + 7. Let c be n(5). Suppose x*m = 19 + c. Is m prime?
True
Let z be (-1)/((-6171)/(-1543) - 4). Let s = -702 + z. Is s a composite number?
True
Suppose 202*u - 212*u + 7940 = 0. Is u prime?
False
Let t(g) = 4*g**2 - 7*g + 8. Let c be 8*(-3 - (-1 - -3)). Let z = 33 + c. Is t(z) a prime number?
False
Is 10/(-6) - (81368/12)/(-1) a prime number?
True
Let v = 2157 + -756. Is v prime?
False
Suppose -16 = -4*r + 9*q - 5*q, 0 = -2*q. Let d be 1/(-5) + 7042/35. Suppose -r*t - 3*k + 268 = -2*k, 3*t = -k + d. Is t prime?
True
Suppose 971 = 3*x - 919. Let p = x - 404. Suppose -t + 2*t = p. Is t a composite number?
True
Let y(r) = 731*r**2 + 10*r + 10. Is y(-3) prime?
False
Let g be 1/(((-14)/16)/7). Let s(m) = -4*m + 2. Let x be s(g). Let l = x + 9. Is l a composite number?
False
Let c(p) = -3*p - 40. Let n be c(-8). Is 15/(-40) - 31190/n a prime number?
True
Let h(r) = -352*r + 99. Is h(-16) prime?
False
Let d = 980 + -663. Is d composite?
False
Suppose 19*c = 24*c - 21515. Is c a prime number?
False
Suppose c = -3*m + 662, 2*c + 0*c - 2*m - 1364 = 0. Is c a prime number?
True
Let h(c) be the second derivative of 17*c**4/12 + 5*c**3/3 - c**2 + 5*c. Let f be h(7). Suppose -3*x + 529 = 5*v - f, -3*x = -4*v + 1171. Is v composite?
True
Suppose -7*s + 20 = -15. Suppose 0 = -0*g + g - 2*z - 34, 25 = g - s*z. Let p = g - -117. Is p composite?
False
Is (-284)/6*6327/(-114) a prime number?
False
Suppose 5*l + 20 = 0, 4617 = b + 9*l - 8*l. Is b a prime number?
True
Is 140923/9 - 360/(-405) composite?
True
Let h = 91 + -24. Suppose -3*m + 4*l + 444 = 0, 0*m - 3*l = m - 135. Let a = m + h. Is a a prime number?
True
Let l(z) = 97*z + 39. Let t(s) = 387*s + 155. Let w(r) = -9*l(r) + 2*t(r). Is w(-20) composite?
True
Let a = 13431 - 7072. Is a composite?
False
Let r(t) = t**2 - t + 2. Let m be r(4). Let x be (-3)/21 - 10610/m. Is x/3*(-9)/6 a composite number?
False
Let g(d) = 6*d**2 - 4*d + 2. Let m be g(1). Suppose m*o = -q + 1487, -3*o = q - o - 1493. Is q prime?
True
Suppose -347*k - 79644 = -3*q - 344*k, -2*k + 106210 = 4*q. Is q a composite number?
True
Let v be (-3 + 6)/(3/142). Let k = 498 - v. Is (-1 + (-15)/(-12))*k composite?
False
Let u(d) = -64*d + 73. Is u(-9) prime?
False
Let y be (3/4)/(2/8). Suppose 7*z + 31 = 5*g + 4*z, y = -g - 4*z. Suppose 0 = 4*o + 3*d - g*d - 1418, 0 = -3*o - d + 1056. Is o composite?
False
Let d(j) be the second derivative of -j**3/6 + 13*j**2/2 + 8*j. Let x be d(8). Suppose 0 = 2*l - 5*t - 703, x*t - 653 = -2*l - 0*t. Is l prime?
False
Let j(x) = 8*x**2 + 2*x + 1. Suppose 4*d = d + 3. Let f be -3 - (d + (-4)/4). Is j(f) a prime number?
True
Let s(t) = 3*t**3 - 3*t**3 - 11 - 2 + 4*t**3 + 7*t**2 + 8*t. Is s(6) composite?
False
Let s(g) = 10497*g - 328. Is s(5) prime?
False
Let h(u) = -u**3 + 6*u**2 - u - 9. Let a be h(6). Let m = a + 18. Suppose -m*x = -7*x + 580. Is x a prime number?
False
Suppose 4*f + 16 = 0, -17112 = -7*z + 3*z - 3*f. Is z prime?
False
Suppose 0 = 8*z - 171 - 181. Suppose f + 2*h - z - 34 = 0, 3*f + 3*h = 240. Is f a prime number?
False
Let g = 356 + -704. Is -4*(g/16 + 1) a composite number?
False
Is 105702/34 - (-12)/102 a composite number?
False
Let c be (-2)/6*-3 + 7. Suppose -4*f = -20 - c. Is f prime?
True
Let i be (1/9)/((-8)/(-48))*825. Suppose -1886 + i = -4*h. Is h a composite number?
True
Let f(g) = 2*g**3 - 5*g**2 + 